u be 1720/(-22) + 4/22. Let j = u + 100. Suppose -j*z + 29*z + 63 = 0. What is l(z)?
-8
Let a(s) be the third derivative of -s**6/120 + s**5/12 + s**4/4 + s**3/6 + 294*s**2. Let l be -5 + 1/2*-2. Let w be (-27)/l + 9/6. What is a(w)?
1
Let g(k) = k - 4. Let l be 1095/(-146)*(-2)/3. Calculate g(l).
1
Let z(g) = 11*g**3 - 2*g**2 + g + 18. Let w(q) = -1 - 5*q**3 + 2*q**3 - 5. Let c(a) = -7*w(a) - 2*z(a). Give c(4).
-2
Let d(u) be the first derivative of 2*u**3/3 + 5*u**2/2 + 6*u - 2. Suppose -180 = 31*b - 1079. Suppose -b + 49 = -5*f. Give d(f).
18
Suppose 0 = 713*p - 575*p + 90 + 48. Let x(a) = -4*a**2 + 4*a + 4. What is x(p)?
-4
Let v(u) = -70*u + 207. Let k = -21667 + 21670. What is v(k)?
-3
Let h(r) be the first derivative of -r**3/3 + 3*r**2/2 + 5*r - 1656. Calculate h(7).
-23
Let n(p) = 3*p - 1. Let u = -2 + 6. Let a be u + -4 - 3 - -7. Let q be (45/(-10) + a)*2. Calculate n(q).
-4
Let m(l) = l**2 - 8*l - 6. Let i(g) = -7*g**2 - 14*g + 39. Let u(n) = -3*n**2 - 7*n + 19. Let t(b) = -2*i(b) + 5*u(b). Let z be t(-8). Determine m(z).
3
Let g(m) = -m**2 - m + 25. Suppose 20*z + 2*h - 23 = 15*z, -20 = -3*z + 5*h. Determine g(z).
-5
Let a = 467 - 448. Suppose -d = -2, -a + 61 = -4*p + 5*d. Let w(c) = -c - 10. Calculate w(p).
-2
Let j(k) = k**2 - 15*k + 8. Let x(g) = -112. Let b(i) = 3*i - 1. Let m(q) = 2*b(q) - x(q). Let d be m(-16). Determine j(d).
-6
Let x(m) = 2*m**2 + 31. Let s be x(0). Let f = 73 - s. Let i(q) = 0*q - 4 + 0*q + f*q**2 - 43*q**2. Determine i(0).
-4
Let n(p) be the first derivative of p**6/24 - p**5/30 + p**4/24 + p**2 + 8*p + 17. Let o(t) be the second derivative of n(t). Determine o(1).
4
Let f = 6545 - 6534. Let y(z) = -z**2 + 16*z - 22. Determine y(f).
33
Let x(h) = -12*h - 12. Let c be (-60)/(-45) + 10/15*-8. Calculate x(c).
36
Suppose 157*s - 100*s - 285 = 0. Let d(q) be the second derivative of 1/20*q**s + 1/3*q**4 + 0*q**3 + 3/2*q**2 + 0 - 19*q. Give d(-4).
3
Let c(w) = 6*w + 11. Suppose 2 = 4*h - 3*h. Let z(b) = -5*b - 11. Let t(l) = h*c(l) + 3*z(l). Let f(g) = 4*g + 10. Let r(d) = -2*f(d) - 3*t(d). Calculate r(-7).
6
Let c(u) = -2*u**2 - 2*u - 3. Let k be c(0). Let t be (6 + 3 + k)/2. Let g(o) be the second derivative of -o**4/12 + o**3/3 + o**2 + 3*o. What is g(t)?
-1
Let i(j) = 2*j**2 + 15*j + 7. Let f be i(-7). Let h(d) = 9*d**3 - 3*d**2 - 3*d - 6. Let v(l) = 2*l**3 - l**2 - l - 1. Let t(m) = -h(m) + 4*v(m). Determine t(f).
2
Let u(g) = 22*g - 1300. Let m be u(59). Let p(b) = -b**2 + 5*b + 3. Calculate p(m).
-11
Let g(b) be the third derivative of -1/20*b**5 + 1/60*b**6 - 4*b**2 - 1/12*b**4 - 2/3*b**3 - 8*b + 0. Determine g(3).
17
Suppose -1 = -f, -g - 3*f = -1 - 2. Suppose 3*v = -g*v - 15. Let z(y) be the third derivative of y**4/24 + 3*y**3/2 - 14478*y**2. Calculate z(v).
4
Let c(f) be the first derivative of -f**2/2 + 3*f + 11. Let g(n) = n - 3. Let q be g(5). Suppose 5*r = -2*m + 3*m + 36, q*r + 4*m - 10 = 0. Give c(r).
-4
Let d(x) = 3*x**3. Let s be (-21)/6 + 1/(-2). Let j(k) = -k**3 - 5*k**2 + 2*k - 4. Let z be j(-5). Let h be -3 + (s/6 - z/3). Give d(h).
3
Let s(b) = 5*b**2 + b - 1. Let m be s(1). Let i(o) be the third derivative of o**4/6 - o**3/2 + 125*o**2 + 7*o + 1. Give i(m).
17
Let w be -5*(-1 - -2)*1. Let j(d) be the third derivative of -1/3*d**3 + 44*d**2 - 1/12*d**4 + 0*d + 0. What is j(w)?
8
Let d(i) = 102*i - 2 + 7 - 101*i + 0. Let p(s) = -s**2 - 3*s + 8. Let c be p(-6). What is d(c)?
-5
Let v(d) be the first derivative of -d**3/6 - 2*d**2 - 60*d + 63. Let t(p) be the first derivative of v(p). What is t(-6)?
2
Let m(q) = 2*q**3 + q**2 + 4*q + 4. Suppose -v - 4*p = 21, 7*p - 10*p = v + 16. Determine m(v).
-1
Let g be 0 + -1 - (-15 - -12). Suppose 2*n - 27 = -5*y, 2*n = 4*n + g*y - 12. Let h(o) be the first derivative of -5*o**4/4 + o**2/2 - o + 27. Calculate h(n).
-5
Let u be ((-9)/(-2))/((-138)/184). Let b(l) = 15*l + 84. What is b(u)?
-6
Let i(a) = -3*a**3 - 12*a**2 - 8*a + 6. Let c(y) = -4*y**3 - 13*y**2 - 8*y + 6. Let t(d) = 4*c(d) - 5*i(d). Let q = 229 + -220. Determine t(q).
-15
Let m(z) = -3*z - 11. Suppose -4*o - 48 = 2*l, 46*o - 43*o - 3 = 5*l. Calculate m(o).
16
Let s(c) be the first derivative of 8*c + 80 + 5/2*c**2. Give s(-7).
-27
Let y(s) = -5*s + 51. Let g = -3817 + 3826. Determine y(g).
6
Let w(a) = -a**3 - 5*a**2 + 9*a - 36. Let g be w(-7). Let x(s) be the first derivative of s**2 - 19/4*s**4 + 0*s**3 + 6 + s. Calculate x(g).
18
Let m(i) = -25*i + 256. Let q be -12*(-23 - (-1729)/78). Give m(q).
6
Let n(o) be the third derivative of o**4/24 + o**3/2 - 29*o**2. Let z be (-6)/(((-9)/30)/(9/45)). Give n(z).
7
Let u = 140 + -129. Let v(n) = 17*n + u*n - 20*n. Calculate v(2).
16
Let a(z) = -14*z + 29439610 - z**2 + z**3 - 11*z**2 - 29439576. Calculate a(13).
21
Let n(p) = p**3 - 12*p**2 + 22*p - 21. Let w = 4201 - 4191. Calculate n(w).
-1
Let h(r) = 2*r**3 - 15*r**2 + 43*r - 249. Let i be h(7). Let k(u) = 45*u - 124. Determine k(i).
11
Suppose -3*w = -3*r + 12, -4*r = -3*w + 2*w - 19. Let b(m) = 18*m - 10. Let y(c) = 7 + 2945*c - 1474*c - 1483*c. Let g(v) = r*b(v) + 7*y(v). Determine g(-4).
-25
Suppose -157*a + 61*a - 78 = -83*a. Let o(u) = -2*u - 11. Calculate o(a).
1
Let n(g) = -g**3 + 4*g**2 + 5*g - 1. Let z be 33/5 - 4*1/(-10). Suppose 2*q - z = q. Let p(u) = u**3 - 7*u**2 + u - 2. Let i be p(q). Give n(i).
-1
Let h(o) = -12*o**3 - 8*o**2 - 9*o + 99. Let d(v) = 6*v**3 + 3*v**2 + 4*v - 40. Let l(p) = 5*d(p) + 2*h(p). Give l(2).
46
Let b(p) be the second derivative of -p**5/20 + 5*p**4/6 + 7*p**3/3 - 7*p**2 + 9537*p. Calculate b(11).
19
Let n(r) = 3*r**2 + 15*r + 1. Let q(k) = -2*k**2 - 16*k + 5. Let o(l) = -3*n(l) - 4*q(l). Calculate o(14).
47
Let g(y) = -1. Let x(t) = -t - 13. Let a(l) = -5*g(l) + x(l). Let h be a(-3). Let s(m) = -2*m**2 + 0 - 5*m - 9*m**3 + 3 + 8*m**3 - m - 4*m**2. Determine s(h).
8
Let q = -37 + 589. Let i = q + -547. Let y(l) = l**3 - 5*l**2 - 6*l - 5. Calculate y(i).
-35
Let r = 561 - 597. Let g be (20/6)/(r/54). Let y(f) = f**2 + 2*f + 3. Give y(g).
18
Let d(t) be the third derivative of -t**6/60 + t**5/15 - t**4/6 + t**3/2 - 71*t**2. Let g = -77 + 79. Suppose -2 = -2*n + g. What is d(n)?
-5
Let q(r) = -6*r**2 + 10*r + 38. Let l(d) = 5*d**2 - 9*d - 40. Let b(k) = -3*l(k) - 2*q(k). Let m(s) be the first derivative of b(s). Calculate m(6).
-29
Let x = 31 - 29. Suppose -2*r - 13 = -3*y, 4*r = y + r - 2. Suppose v - 3 = w, y*w = 13 + x. Let d(h) = h + 2. What is d(v)?
8
Suppose -89 - 493 = 132*p + 78. Let s(v) = -v + 8. Let y(k) = -k + 8. Let x(h) = 6*s(h) - 5*y(h). Give x(p).
13
Let g(v) = -v**3 + 9*v**2 - 4. Suppose -5 = -5*m + 3*k, 4*k = -7*m + 5*m + 28. Suppose -u - t = -11, m*t - 8*t = -8. Determine g(u).
-4
Let k(y) = -3*y**2 - 2*y + 1. Suppose 71*x - 72 = 53*x. Suppose 3*u = 5 - 8, 0 = -x*q + u - 7. Calculate k(q).
-7
Let w be 4 + (-24)/6 + -1. Let u be ((-10)/(-25) + 0)/(2/(-20)). Let k be w*((-8)/(u - -6) - 0). Let b(t) = -3*t. Give b(k).
-12
Let y be 4 - 0 - (4 + -2). Suppose -108 = 2*q - 6*q. Let n(z) = 3*z**2 - z**3 - 2 - 26*z - q*z + 1 + 51*z. Determine n(y).
-1
Let f(x) = 5*x**2 - 2*x**2 + x - 6*x**2 + 5*x**2 - 3*x**2 + 4. Let q be (-2*(-6)/(-20))/((-6)/(-30)). Give f(q).
-8
Let z(f) = 2*f**3 + 2*f + 2 - 6 - 2*f**3 - 7*f**2 - f**3. Let i(b) = -130*b - 15087. Let a be i(-116). What is z(a)?
-18
Let a(c) = -c**3 - 19*c**2 - 4*c + 19. Let v(q) = -q**2 + 68*q - 446. Let u be v(7). Calculate a(u).
95
Let m = 148 + -1072. Let t = -925 - m. Let u(p) = -6*p + 1. What is u(t)?
7
Let l be (-45)/(-30) - (-20)/(-16). Let t(p) be the first derivative of -l*p**4 - 3*p - 4/3*p**3 - 1/2*p**2 + 7. Give t(-3).
-9
Suppose -3*t - w = -3 + 1, 5*t - 2 = -2*w. Suppose 27 = t*s + b + 2*b, 19 = 2*s - 5*b. Let z(y) = y - 11*y**3 + 6*y - 5*y**2 - 2*y + s*y**3. Calculate z(4).
4
Let v = 85/169 - 1/338. Let h(p) be the first derivative of -14 + v*p**2 - 7/3*p**3 - 7*p + 1/4*p**4. Give h(7).
0
Let i = -3711 + 3714. Let b(s) = 2*s**2 + 44*s - 143. What is b(i)?
7
Let d(s) = -14*s - 6. Let j(h) = -14*h - 4. Let v(z) = 4*d(z) - 5*j(z). Let m(n) = -21*n + 6. Let f(u) = 5*m(u) + 8*v(u). Calculate f(3).
19
Let o(s) = -s**2 + 18*s - 59. Let p be o(5). Let b(v) = -29*v**2 - 4*v + 10. Let n(d) = 35*d**2 + 3*d - 9. Let t(f) = -6*b(f) - 5*n(f). Determine t(p).
3
Let b(p) = 10*p**3 + 23*